{"id":24645,"date":"2022-06-28T11:59:48","date_gmt":"2022-06-28T11:59:48","guid":{"rendered":"https:\/\/as-prim.ro\/?page_id=24645"},"modified":"2026-01-18T23:17:38","modified_gmt":"2026-01-18T20:17:38","slug":"modalitati-de-plata","status":"publish","type":"page","link":"https:\/\/as-prim.ro\/?page_id=24645","title":{"rendered":"Modalit\u0103\u021bi de plat\u0103"},"content":{"rendered":"\t\t<div data-elementor-type=\"wp-page\" data-elementor-id=\"24645\" class=\"elementor elementor-24645\">\n\t\t\t\t\t\t<section class=\"elementor-section elementor-top-section elementor-element elementor-element-6a8808ba elementor-section-boxed elementor-section-height-default elementor-section-height-default\" data-id=\"6a8808ba\" data-element_type=\"section\" data-e-type=\"section\" data-settings=\"{&quot;background_background&quot;:&quot;classic&quot;}\">\n\t\t\t\t\t\t\t<div class=\"elementor-background-overlay\"><\/div>\n\t\t\t\t\t\t\t<div class=\"elementor-container elementor-column-gap-default\">\n\t\t\t\t\t<div class=\"elementor-column elementor-col-100 elementor-top-column elementor-element elementor-element-5a0c8d22\" data-id=\"5a0c8d22\" data-element_type=\"column\" data-e-type=\"column\" data-settings=\"{&quot;background_background&quot;:&quot;classic&quot;}\">\n\t\t\t<div class=\"elementor-widget-wrap elementor-element-populated\">\n\t\t\t\t\t\t<div class=\"elementor-element elementor-element-2eadfafd elementor-widget elementor-widget-spacer\" data-id=\"2eadfafd\" data-element_type=\"widget\" data-e-type=\"widget\" data-widget_type=\"spacer.default\">\n\t\t\t\t<div class=\"elementor-widget-container\">\n\t\t\t\t\t\t\t<div class=\"elementor-spacer\">\n\t\t\t<div class=\"elementor-spacer-inner\"><\/div>\n\t\t<\/div>\n\t\t\t\t\t\t<\/div>\n\t\t\t\t<\/div>\n\t\t\t\t<div class=\"elementor-element elementor-element-24877c4c elementor-widget__width-initial elementor-widget-mobile__width-initial elementor-widget elementor-widget-heading\" data-id=\"24877c4c\" data-element_type=\"widget\" data-e-type=\"widget\" data-widget_type=\"heading.default\">\n\t\t\t\t<div class=\"elementor-widget-container\">\n\t\t\t\t\t<h1 class=\"elementor-heading-title elementor-size-default\">Conferin\u021ba Profesioni\u0219tilor din <br>Asisten\u021ba Medical\u0103 Primar\u0103<\/h1>\t\t\t\t<\/div>\n\t\t\t\t<\/div>\n\t\t\t\t<div class=\"elementor-element elementor-element-5d3078b8 elementor-widget-divider--view-line elementor-widget elementor-widget-divider\" data-id=\"5d3078b8\" data-element_type=\"widget\" data-e-type=\"widget\" data-widget_type=\"divider.default\">\n\t\t\t\t<div class=\"elementor-widget-container\">\n\t\t\t\t\t\t\t<div class=\"elementor-divider\">\n\t\t\t<span class=\"elementor-divider-separator\">\n\t\t\t\t\t\t<\/span>\n\t\t<\/div>\n\t\t\t\t\t\t<\/div>\n\t\t\t\t<\/div>\n\t\t\t\t<div class=\"elementor-element elementor-element-1f926f18 elementor-widget__width-initial elementor-widget elementor-widget-heading\" data-id=\"1f926f18\" data-element_type=\"widget\" data-e-type=\"widget\" data-widget_type=\"heading.default\">\n\t\t\t\t<div class=\"elementor-widget-container\">\n\t\t\t\t\t<h1 class=\"elementor-heading-title elementor-size-default\">7-9 MAI 2026<\/h1>\t\t\t\t<\/div>\n\t\t\t\t<\/div>\n\t\t\t\t<div class=\"elementor-element elementor-element-4fa01ec6 elementor-widget elementor-widget-heading\" data-id=\"4fa01ec6\" data-element_type=\"widget\" data-e-type=\"widget\" data-widget_type=\"heading.default\">\n\t\t\t\t<div class=\"elementor-widget-container\">\n\t\t\t\t\t<h2 class=\"elementor-heading-title elementor-size-default\">\u00ceMPREUN\u0102 PENTRU ASISTEN\u021aA PRIMAR\u0102!<\/h2>\t\t\t\t<\/div>\n\t\t\t\t<\/div>\n\t\t\t\t<div class=\"elementor-element elementor-element-688c7819 elementor-widget__width-initial elementor-widget elementor-widget-heading\" data-id=\"688c7819\" data-element_type=\"widget\" data-e-type=\"widget\" data-widget_type=\"heading.default\">\n\t\t\t\t<div class=\"elementor-widget-container\">\n\t\t\t\t\t<h1 class=\"elementor-heading-title elementor-size-default\">BRA\u0218OV \/ Aula \u201eSergiu T. Chiriacescu\u201d a Universit\u0103\u021bii Transilvania Bra\u0219ov<br><\/h1>\t\t\t\t<\/div>\n\t\t\t\t<\/div>\n\t\t\t\t<div class=\"elementor-element elementor-element-2e18e9a7 elementor-widget-divider--view-line elementor-widget elementor-widget-divider\" data-id=\"2e18e9a7\" data-element_type=\"widget\" data-e-type=\"widget\" data-widget_type=\"divider.default\">\n\t\t\t\t<div class=\"elementor-widget-container\">\n\t\t\t\t\t\t\t<div class=\"elementor-divider\">\n\t\t\t<span class=\"elementor-divider-separator\">\n\t\t\t\t\t\t<\/span>\n\t\t<\/div>\n\t\t\t\t\t\t<\/div>\n\t\t\t\t<\/div>\n\t\t\t\t<div class=\"elementor-element elementor-element-78be4128 elementor-widget elementor-widget-spacer\" data-id=\"78be4128\" data-element_type=\"widget\" data-e-type=\"widget\" data-widget_type=\"spacer.default\">\n\t\t\t\t<div class=\"elementor-widget-container\">\n\t\t\t\t\t\t\t<div class=\"elementor-spacer\">\n\t\t\t<div class=\"elementor-spacer-inner\"><\/div>\n\t\t<\/div>\n\t\t\t\t\t\t<\/div>\n\t\t\t\t<\/div>\n\t\t\t\t\t<\/div>\n\t\t<\/div>\n\t\t\t\t\t<\/div>\n\t\t<\/section>\n\t\t\t\t<section class=\"elementor-section elementor-top-section elementor-element elementor-element-4e41838 elementor-section-boxed elementor-section-height-default elementor-section-height-default\" data-id=\"4e41838\" data-element_type=\"section\" data-e-type=\"section\" data-settings=\"{&quot;background_background&quot;:&quot;classic&quot;}\">\n\t\t\t\t\t\t<div class=\"elementor-container elementor-column-gap-default\">\n\t\t\t\t\t<div class=\"elementor-column elementor-col-100 elementor-top-column elementor-element elementor-element-46a9890\" data-id=\"46a9890\" data-element_type=\"column\" data-e-type=\"column\">\n\t\t\t<div class=\"elementor-widget-wrap elementor-element-populated\">\n\t\t\t\t\t\t<div class=\"elementor-element elementor-element-266e054 elementor-widget-divider--view-line elementor-widget elementor-widget-divider\" data-id=\"266e054\" data-element_type=\"widget\" data-e-type=\"widget\" data-widget_type=\"divider.default\">\n\t\t\t\t<div class=\"elementor-widget-container\">\n\t\t\t\t\t\t\t<div class=\"elementor-divider\">\n\t\t\t<span class=\"elementor-divider-separator\">\n\t\t\t\t\t\t<\/span>\n\t\t<\/div>\n\t\t\t\t\t\t<\/div>\n\t\t\t\t<\/div>\n\t\t\t\t<div class=\"elementor-element elementor-element-d1978d1 elementor-widget__width-initial elementor-widget-mobile__width-initial elementor-widget elementor-widget-heading\" data-id=\"d1978d1\" data-element_type=\"widget\" data-e-type=\"widget\" data-widget_type=\"heading.default\">\n\t\t\t\t<div class=\"elementor-widget-container\">\n\t\t\t\t\t<h2 class=\"elementor-heading-title elementor-size-default\">Modalit\u0103\u021bi de plat\u0103<\/h2>\t\t\t\t<\/div>\n\t\t\t\t<\/div>\n\t\t\t\t<div class=\"elementor-element elementor-element-66fbefa elementor-widget elementor-widget-spacer\" data-id=\"66fbefa\" data-element_type=\"widget\" data-e-type=\"widget\" data-widget_type=\"spacer.default\">\n\t\t\t\t<div class=\"elementor-widget-container\">\n\t\t\t\t\t\t\t<div class=\"elementor-spacer\">\n\t\t\t<div class=\"elementor-spacer-inner\"><\/div>\n\t\t<\/div>\n\t\t\t\t\t\t<\/div>\n\t\t\t\t<\/div>\n\t\t\t\t<div class=\"elementor-element elementor-element-7a5735b elementor-widget elementor-widget-text-editor\" data-id=\"7a5735b\" data-element_type=\"widget\" data-e-type=\"widget\" data-widget_type=\"text-editor.default\">\n\t\t\t\t<div class=\"elementor-widget-container\">\n\t\t\t\t\t\t\t\t\t<p><span style=\"font-weight: 400;\">V\u0103 a\u0219tept\u0103m \u00eentre 7-9 Mai 2026 \u00een ora\u0219ul de poalele T\u00e2mpei pentru a lua parte la un program \u0219tiin\u021bific special creat pentru profesioni\u0219tii din domeniul medical!\u00a0<\/span><\/p>\t\t\t\t\t\t\t\t<\/div>\n\t\t\t\t<\/div>\n\t\t\t\t<div class=\"elementor-element elementor-element-e88d8fc elementor-widget elementor-widget-text-editor\" data-id=\"e88d8fc\" data-element_type=\"widget\" data-e-type=\"widget\" data-widget_type=\"text-editor.default\">\n\t\t\t\t<div class=\"elementor-widget-container\">\n\t\t\t\t\t\t\t\t\t<p><span style=\"text-decoration: underline;\">Plata se efectueaz\u0103 urm\u00e2nd pa\u0219ii de mai jos:<\/span><\/p>\n<p><span style=\"font-weight: 400;\">1. Folosind butonul \u201e\u00cenregistrare\u201d din meniul principal, v\u0103 rug\u0103m s\u0103 v\u0103 crea\u021bi cont.<\/span><\/p>\n<p><span style=\"font-weight: 400;\">2. Ulterior, alege\u021bi una dintre cele dou\u0103 metode de plat\u0103, respectiv tipul de abonament care vi se potrive\u0219te.<\/span><\/p>\n<p><span style=\"font-weight: 400;\">3. Ap\u0103sa\u021bi butonul din dreptul abonamentului preferat \u0219i achita\u021bi taxa.<\/span><\/p>\n<p><b>Metode de plat\u0103<\/b><\/p>\n<ol>\n<li style=\"font-weight: 400;\" aria-level=\"1\">\n<p>PLATA ON-LINE<\/p>\n<\/li>\n<li style=\"font-weight: 400;\" aria-level=\"1\">\n<p><span style=\"font-weight: 400;\">TRANSFER BANCAR&nbsp;<\/span><\/p>\n<\/li>\n<\/ol>\n<p><i><span style=\"font-weight: 400;\">V\u0103 rug\u0103m s\u0103 verifica\u021bi sec\u021biunea &#8216;SPAM&#8217; a c\u0103su\u021bei dumneavoastr\u0103 de eMail, deoarece confirmarea activ\u0103rii contului poate ajunge \u00een aceast\u0103 sec\u021biune.<\/span><\/i><\/p>\n<p><b>&nbsp;<\/b><\/p>\n<p><span style=\"text-decoration: underline;\">1.PLATA DIRECT PE SITE<\/span><\/p>\n<p><span style=\"font-weight: 400;\">Accesa\u021bi sec\u021biunea \u201cBILETE\u201d din meniul principal \u0219i alege\u021bi tipul de bilet care vi se potrive\u0219te. Dup\u0103 efectuarea pl\u0103\u021bii ve\u021bi primi o confirmare a acesteia pe adresa personal\u0103 de e-mail.&nbsp;<\/span><\/p>\n<p><\/p>\n<p><span style=\"text-decoration: underline;\">2. PLATA PRIN TRANSFER BANCAR<\/span><\/p>\n<p><span style=\"font-style: inherit; color: var(--ast-global-color-3);\">Pentru validare, v\u0103 rug\u0103m s\u0103 v\u0103 crea\u021bi cont \u0219i s\u0103 trimite\u021bi prin intermediul unui eMail un screenshot cu dovada pl\u0103\u021bii la adresa <\/span><span style=\"font-style: inherit; color: var(--ast-global-color-3);\">asprimbrasov@gmail.com<\/span><\/p>\n<p><span style=\"font-weight: 400;\">\u00cen cazul pl\u0103\u021bii prin transfer bancar ve\u021bi primi confirmarea \u00eenscrierii \u0219i inclusiv a pl\u0103\u021bii pe eMail, \u00een decursul a maximum 3 zile lucr\u0103toare.<\/span><\/p>\n<p><span style=\"font-weight: 400;\">V\u0103 rug\u0103m s\u0103 trece\u021bi numele \u00een detaliile pl\u0103\u021bii, iar dac\u0103 nu ave\u021bi spa\u021biu suficient pentru numele integral, numele \u0219i un singur prenume sunt suficiente!<\/span><\/p>\n<p><\/p>\n<p><span style=\"text-decoration: underline;\"><b>EXEMPLU:<\/b><\/span><\/p>\n<p>Suma de plat\u0103:<span style=\"font-weight: 400;\"> 200 RON<\/span><\/p>\n<p>IBAN:<span style=\"font-weight: 400;\"> RO39 BRDE 080S V529 0295 0800<\/span><\/p>\n<p>Numele Beneficiarului:<span style=\"font-weight: 400;\"> ASOCIA\u021aIA PROFESIONAL\u0102 A MEDICILOR DE FAMILIE DIN BRA\u0218OV<\/span><\/p>\n<p>Detalii plat\u0103:<span style=\"font-weight: 400;\"> Tax\u0103 On-site Late&nbsp; -Nume \u0219i Prenume-<\/span><\/p>\n<p><span style=\"font-weight: 400;\">Taxa poate fi restituit\u0103 p\u00e2n\u0103 la data conform regulamentului cuprins \u00een sec\u021biunea&nbsp;<\/span><a href=\"https:\/\/as-prim.ro\/termeni-si-conditii\/\" target=\"_blank\" rel=\"noopener\">Termeni \u0219i Condi\u021bii<\/a><i><span style=\"font-weight: 400;\">.<\/span><\/i><\/p>\n<p><\/p>\n<p>V\u0103 invit\u0103m s\u0103 alege\u021bi tipul de bilet care vi se potrive\u0219te!<\/p>\t\t\t\t\t\t\t\t<\/div>\n\t\t\t\t<\/div>\n\t\t\t\t<div class=\"elementor-element elementor-element-e3be804 elementor-widget elementor-widget-spacer\" data-id=\"e3be804\" data-element_type=\"widget\" data-e-type=\"widget\" data-widget_type=\"spacer.default\">\n\t\t\t\t<div class=\"elementor-widget-container\">\n\t\t\t\t\t\t\t<div class=\"elementor-spacer\">\n\t\t\t<div class=\"elementor-spacer-inner\"><\/div>\n\t\t<\/div>\n\t\t\t\t\t\t<\/div>\n\t\t\t\t<\/div>\n\t\t\t\t\t<\/div>\n\t\t<\/div>\n\t\t\t\t\t<\/div>\n\t\t<\/section>\n\t\t\t\t<\/div>\n\t\t","protected":false},"excerpt":{"rendered":"<p>Conferin\u021ba Profesioni\u0219tilor din Asisten\u021ba Medical\u0103 Primar\u0103 7-9 MAI 2026 \u00ceMPREUN\u0102 PENTRU ASISTEN\u021aA PRIMAR\u0102! BRA\u0218OV \/ Aula \u201eSergiu T. Chiriacescu\u201d a Universit\u0103\u021bii Transilvania Bra\u0219ov Modalit\u0103\u021bi de plat\u0103 V\u0103 a\u0219tept\u0103m \u00eentre 7-9 Mai 2026 \u00een ora\u0219ul de poalele T\u00e2mpei pentru a lua parte la un program \u0219tiin\u021bific special creat pentru profesioni\u0219tii din domeniul medical!\u00a0 Plata se efectueaz\u0103&#8230;<\/p>\n","protected":false},"author":1,"featured_media":0,"parent":0,"menu_order":0,"comment_status":"closed","ping_status":"closed","template":"","meta":{"site-sidebar-layout":"no-sidebar","site-content-layout":"page-builder","ast-site-content-layout":"","site-content-style":"default","site-sidebar-style":"default","ast-global-header-display":"","ast-banner-title-visibility":"","ast-main-header-display":"","ast-hfb-above-header-display":"","ast-hfb-below-header-display":"","ast-hfb-mobile-header-display":"","site-post-title":"disabled","ast-breadcrumbs-content":"","ast-featured-img":"disabled","footer-sml-layout":"","theme-transparent-header-meta":"","adv-header-id-meta":"","stick-header-meta":"","header-above-stick-meta":"","header-main-stick-meta":"","header-below-stick-meta":"","astra-migrate-meta-layouts":"","footnotes":""},"class_list":["post-24645","page","type-page","status-publish","hentry"],"_links":{"self":[{"href":"https:\/\/as-prim.ro\/index.php?rest_route=\/wp\/v2\/pages\/24645","targetHints":{"allow":["GET"]}}],"collection":[{"href":"https:\/\/as-prim.ro\/index.php?rest_route=\/wp\/v2\/pages"}],"about":[{"href":"https:\/\/as-prim.ro\/index.php?rest_route=\/wp\/v2\/types\/page"}],"author":[{"embeddable":true,"href":"https:\/\/as-prim.ro\/index.php?rest_route=\/wp\/v2\/users\/1"}],"replies":[{"embeddable":true,"href":"https:\/\/as-prim.ro\/index.php?rest_route=%2Fwp%2Fv2%2Fcomments&post=24645"}],"version-history":[{"count":67,"href":"https:\/\/as-prim.ro\/index.php?rest_route=\/wp\/v2\/pages\/24645\/revisions"}],"predecessor-version":[{"id":28379,"href":"https:\/\/as-prim.ro\/index.php?rest_route=\/wp\/v2\/pages\/24645\/revisions\/28379"}],"wp:attachment":[{"href":"https:\/\/as-prim.ro\/index.php?rest_route=%2Fwp%2Fv2%2Fmedia&parent=24645"}],"curies":[{"name":"wp","href":"https:\/\/api.w.org\/{rel}","templated":true}]}}